ivided by 1559?
1036
What is the remainder when 2556456 is divided by 426005?
426
What is the remainder when 64617 is divided by 3653?
2516
Calculate the remainder when 93727 is divided by 151.
107
What is the remainder when 12571076 is divided by 60?
56
What is the remainder when 6835163 is divided by 2278318?
209
What is the remainder when 137005274 is divided by 51?
47
What is the remainder when 757661 is divided by 1252?
201
Calculate the remainder when 49119 is divided by 6123.
135
Calculate the remainder when 394620 is divided by 197301.
18
What is the remainder when 168732547 is divided by 162?
151
What is the remainder when 705055 is divided by 5109?
13
Calculate the remainder when 13014740 is divided by 2625.
2615
Calculate the remainder when 10671089 is divided by 4516.
4297
Calculate the remainder when 229915 is divided by 2493.
559
Calculate the remainder when 869265 is divided by 56.
33
What is the remainder when 59878751 is divided by 552?
551
Calculate the remainder when 18600199 is divided by 16132.
3
What is the remainder when 47879109 is divided by 229?
18
Calculate the remainder when 66816 is divided by 1317.
966
Calculate the remainder when 4722928 is divided by 188916.
28
Calculate the remainder when 5689964 is divided by 617.
607
Calculate the remainder when 2967039 is divided by 22142.
11
Calculate the remainder when 10193212 is divided by 1036.
8
What is the remainder when 11479991 is divided by 20722?
3
Calculate the remainder when 11063 is divided by 1493.
612
Calculate the remainder when 366818 is divided by 226.
20
Calculate the remainder when 94627 is divided by 31391.
454
What is the remainder when 474104 is divided by 787?
330
What is the remainder when 44869 is divided by 57?
10
Calculate the remainder when 177656 is divided by 155.
26
Calculate the remainder when 1201472 is divided by 913.
877
What is the remainder when 10285074 is divided by 746?
718
What is the remainder when 143667627 is divided by 45?
42
What is the remainder when 2830328 is divided by 2906?
2790
Calculate the remainder when 538390 is divided by 1799.
489
Calculate the remainder when 31195461 is divided by 1404.
1389
Calculate the remainder when 39982026 is divided by 1903.
1899
Calculate the remainder when 2216543 is divided by 35.
28
Calculate the remainder when 46240482 is divided by 18162.
30
What is the remainder when 56312301 is divided by 2155?
2151
What is the remainder when 399740 is divided by 629?
325
What is the remainder when 122796988 is divided by 1373?
1360
Calculate the remainder when 863308 is divided by 431631.
46
What is the remainder when 1717364 is divided by 241?
239
What is the remainder when 383697 is divided by 22488?
1401
Calculate the remainder when 441822 is divided by 1062.
30
What is the remainder when 656472 is divided by 7?
5
Calculate the remainder when 246796460 is divided by 57582.
8
Calculate the remainder when 1438509 is divided by 282.
27
What is the remainder when 267064450 is divided by 54?
52
What is the remainder when 47149180 is divided by 54?
52
Calculate the remainder when 585896 is divided by 774.
752
What is the remainder when 377547 is divided by 6291?
87
Calculate the remainder when 229630 is divided by 2828.
562
Calculate the remainder when 1462094 is divided by 3868.
3858
Calculate the remainder when 742519 is divided by 148360.
719
What is the remainder when 356397 is divided by 1222?
795
What is the remainder when 1597102 is divided by 399232?
174
What is the remainder when 22362155 is divided by 207?
152
Calculate the remainder when 172209 is divided by 232.
65
Calculate the remainder when 451050 is divided by 1074.
1044
Calculate the remainder when 3088636 is divided by 280774.
122
Calculate the remainder when 1644624 is divided by 293.
15
Calculate the remainder when 17675 is divided by 4086.
1331
What is the remainder when 3830880 is divided by 839?
6
Calculate the remainder when 33643985 is divided by 62.
57
Calculate the remainder when 626611 is divided by 738.
49
What is the remainder when 57767 is divided by 482?
409
Calculate the remainder when 70704917 is divided by 1144.
1141
Calculate the remainder when 3975788 is divided by 14405.
8
Calculate the remainder when 3798204 is divided by 105505.
24
Calculate the remainder when 8582925 is divided by 583.
582
What is the remainder when 40700 is divided by 298?
172
Calculate the remainder when 7025828 is divided by 6.
2
Calculate the remainder when 131147 is divided by 26056.
867
What is the remainder when 2099288 is divided by 70?
58
Calculate the remainder when 6578364 is divided by 346229.
13
What is the remainder when 1454864 is divided by 830?
704
What is the remainder when 9222496 is divided by 2108?
2104
Calculate the remainder when 1409517 is divided by 21.
18
Calculate the remainder when 1087024733 is divided by 31.
30
Calculate the remainder when 1922421 is divided by 50.
21
Calculate the remainder when 32863583 is divided by 5794.
15
Calculate the remainder when 89997 is divided by 897.
297
What is the remainder when 14534 is divided by 54?
8
Calculate the remainder when 7997 is divided by 49.
10
Calculate the remainder when 3018530 is divided by 100617.
20
Calculate the remainder when 35269464 is divided by 1265.
1264
What is the remainder when 56196401 is divided by 4322799?
14
What is the remainder when 83233702 is divided by 12?
10
Calculate the remainder when 66847 is divided by 2907.
2893
What is the remainder when 399331 is divided by 1097?
23
What is the remainder when 127069 is divided by 3959?
381
What is the remainder when 142356549 is divided by 29?
15
Calculate the remainder when 383475 is divided by 2759.
2733
Calculate the remainder when 1981678 is divided by 7678.
754
Calculate the remainder when 55232708 is divided by 17.
14
What is the remainder when 34043 is divided by 1308?
35
What is the remainder when 695250 is divided by 398?
342
Calculate the remainder when 1935407 is divided by 1935270.
137
Calculate the remainder when 281915323 is divided by 10094.
10091
Calculate the remainder when 127808 is divided by 2662.
32
Calculate the remainder when 9437729 is divided by 1839.
1820
What is the remainder when 3493174 is divided by 8458?
20
Calculate the remainder when 345236134 is divided by 109.
107
What is the remainder when 87829 is divided by 249?
181
What is the remainder when 808081 is divided by 134572?
649
Calculate the remainder when 424387 is divided by 1210.
887
What is the remainder when 29602240 is divided by 138?
136
What is the remainder when 8661390 is divided by 75?
15
What is the remainder when 68176 is divided by 2846?
2718
What is the remainder when 5077220 is divided by 6066?
6044
What is the remainder when 211633 is divided by 60?
13
Calculate the remainder when 6313294 is divided by 137245.
24
What is the remainder when 337728 is divided by 5?
3
Calculate the remainder when 241310 is divided by 3497.
17
What is the remainder when 1052239 is divided by 31?
6
What is the remainder when 60484843 is divided by 43?
11
Calculate the remainder when 3670570 is divided by 1223516.
22
What is the remainder when 130644 is divided by 43447?
303
Calculate the remainder when 2092929 is divided by 712.
361
Calculate the remainder when 4278689 is divided by 195.
194
What is the remainder when 704310 is divided by 948?
894
Calculate the remainder when 560210 is divided by 1404.
14
What is the remainder when 1141000 is divided by 44?
36
Calculate the remainder when 323107 is divided by 269.
38
Calculate the remainder when 319357 is divided by 53104.
733
Calculate the remainder when 5718798 is divided by 34.
32
Calculate the remainder when 738027 is divided by 367141.
3745
Calculate the remainder when 10089055 is divided by 2895.
2875
What is the remainder when 87001107 is divided by 3505?
3502
Calculate the remainder when 106714011 is divided by 270.
21
What is the remainder when 1908827 is divided by 136204?
1971
What is the remainder when 56246 is divided by 271?
149
Calculate the remainder when 25982 is divided by 492.
398
Calculate the remainder when 15906119 is divided by 1994.
1975
Calculate the remainder when 2547810 is divided by 38027.
1
Calculate the remainder when 8806069 is divided by